Last updated on 2025-05-23 04:51:02 CEST.
Flavor | Version | Tinstall | Tcheck | Ttotal | Status | Flags |
---|---|---|---|---|---|---|
r-devel-linux-x86_64-debian-clang | 1.0-22 | 28.10 | 318.71 | 346.81 | OK | |
r-devel-linux-x86_64-debian-gcc | 1.0-22 | 17.39 | 220.15 | 237.54 | OK | |
r-devel-linux-x86_64-fedora-clang | 1.0-22 | 540.61 | OK | |||
r-devel-linux-x86_64-fedora-gcc | 1.0-22 | 541.45 | OK | |||
r-devel-windows-x86_64 | 1.0-22 | 31.00 | 321.00 | 352.00 | OK | |
r-patched-linux-x86_64 | 1.0-22 | 31.49 | 304.18 | 335.67 | OK | |
r-release-linux-x86_64 | 1.0-22 | 29.23 | 307.04 | 336.27 | OK | |
r-release-macos-arm64 | 1.0-22 | 154.00 | OK | |||
r-release-macos-x86_64 | 1.0-22 | 373.00 | OK | |||
r-release-windows-x86_64 | 1.0-22 | 31.00 | 312.00 | 343.00 | OK | |
r-oldrel-macos-arm64 | 1.0-22 | 154.00 | NOTE | |||
r-oldrel-macos-x86_64 | 1.0-22 | 374.00 | NOTE | |||
r-oldrel-windows-x86_64 | 1.0-22 | 42.00 | 396.00 | 438.00 | OK |
Version: 1.0-22
Check: installed package size
Result: NOTE
installed size is 5.3Mb
sub-directories of 1Mb or more:
R 2.1Mb
doc 2.7Mb
Flavors: r-oldrel-macos-arm64, r-oldrel-macos-x86_64