Last updated on 2025-07-19 04:49:15 CEST.
Flavor | Version | Tinstall | Tcheck | Ttotal | Status | Flags |
---|---|---|---|---|---|---|
r-devel-linux-x86_64-debian-clang | 1.2.1 | 72.36 | 90.33 | 162.69 | OK | |
r-devel-linux-x86_64-debian-gcc | 1.2.1 | 54.83 | 62.32 | 117.15 | OK | |
r-devel-linux-x86_64-fedora-clang | 1.2.1 | 292.80 | OK | |||
r-devel-linux-x86_64-fedora-gcc | 1.2.1 | 261.45 | OK | |||
r-devel-windows-x86_64 | 1.2.1 | 78.00 | 109.00 | 187.00 | OK | |
r-patched-linux-x86_64 | 1.2.1 | 70.47 | 83.24 | 153.71 | OK | |
r-release-linux-x86_64 | 1.2.1 | 69.73 | 84.37 | 154.10 | OK | |
r-release-macos-arm64 | 1.2.1 | 66.00 | OK | |||
r-release-macos-x86_64 | 1.2.1 | 108.00 | OK | |||
r-release-windows-x86_64 | 1.2.1 | 80.00 | 109.00 | 189.00 | OK | |
r-oldrel-macos-arm64 | 1.2.1 | 62.00 | NOTE | |||
r-oldrel-macos-x86_64 | 1.2.1 | 101.00 | NOTE | |||
r-oldrel-windows-x86_64 | 1.2.1 | 97.00 | 139.00 | 236.00 | OK |
Version: 1.2.1
Check: installed package size
Result: NOTE
installed size is 5.8Mb
sub-directories of 1Mb or more:
libs 5.3Mb
Flavors: r-oldrel-macos-arm64, r-oldrel-macos-x86_64