CRAN Package Check Results for Package aggutils

Last updated on 2025-07-19 04:49:15 CEST.

Flavor Version Tinstall Tcheck Ttotal Status Flags
r-devel-linux-x86_64-debian-clang 1.0.2 2.09 18.18 20.27 OK
r-devel-linux-x86_64-debian-gcc 1.0.2 1.60 15.61 17.21 OK
r-devel-linux-x86_64-fedora-clang 1.0.2 31.76 NOTE
r-devel-linux-x86_64-fedora-gcc 1.0.2 30.75 NOTE
r-devel-windows-x86_64 1.0.2 4.00 39.00 43.00 OK
r-patched-linux-x86_64 1.0.2 2.20 17.59 19.79 OK
r-release-linux-x86_64 1.0.2 1.87 17.14 19.01 OK
r-release-macos-arm64 1.0.2 17.00 OK
r-release-macos-x86_64 1.0.2 24.00 OK
r-release-windows-x86_64 1.0.2 3.00 39.00 42.00 OK
r-oldrel-macos-arm64 1.0.2 16.00 OK
r-oldrel-macos-x86_64 1.0.2 21.00 OK
r-oldrel-windows-x86_64 1.0.2 4.00 43.00 47.00 OK

Check Details

Version: 1.0.2
Check: dependencies in R code
Result: NOTE Namespace in Imports field not imported from: ‘docstring’ All declared Imports should be used. Flavors: r-devel-linux-x86_64-fedora-clang, r-devel-linux-x86_64-fedora-gcc