Last updated on 2025-07-17 04:54:33 CEST.
Flavor | Version | Tinstall | Tcheck | Ttotal | Status | Flags |
---|---|---|---|---|---|---|
r-devel-linux-x86_64-debian-clang | 0.7.0 | 8.05 | 204.55 | 212.60 | NOTE | |
r-devel-linux-x86_64-debian-gcc | 0.7.0 | 4.61 | 163.79 | 168.40 | NOTE | |
r-devel-linux-x86_64-fedora-clang | 0.7.0 | 327.30 | NOTE | |||
r-devel-linux-x86_64-fedora-gcc | 0.7.0 | 376.44 | NOTE | |||
r-devel-windows-x86_64 | 0.7.0 | 8.00 | 255.00 | 263.00 | NOTE | |
r-patched-linux-x86_64 | 0.7.0 | 8.29 | 205.73 | 214.02 | NOTE | |
r-release-linux-x86_64 | 0.7.0 | 6.10 | 204.47 | 210.57 | NOTE | |
r-release-macos-arm64 | 0.7.0 | 162.00 | NOTE | |||
r-release-macos-x86_64 | 0.7.0 | 283.00 | NOTE | |||
r-release-windows-x86_64 | 0.7.0 | 10.00 | 252.00 | 262.00 | NOTE | |
r-oldrel-macos-arm64 | 0.7.0 | 133.00 | OK | |||
r-oldrel-macos-x86_64 | 0.7.0 | 326.00 | OK | |||
r-oldrel-windows-x86_64 | 0.7.0 | 12.00 | 317.00 | 329.00 | OK |
Version: 0.7.0
Check: DESCRIPTION meta-information
Result: NOTE
Missing dependency on R >= 4.1.0 because package code uses the pipe
|> or function shorthand \(...) syntax added in R 4.1.0.
File(s) using such syntax:
‘plot.GRiwrm.R’
Flavors: r-devel-linux-x86_64-debian-clang, r-devel-linux-x86_64-debian-gcc, r-devel-linux-x86_64-fedora-clang, r-devel-linux-x86_64-fedora-gcc, r-devel-windows-x86_64, r-patched-linux-x86_64, r-release-linux-x86_64, r-release-macos-arm64, r-release-macos-x86_64, r-release-windows-x86_64