Last updated on 2025-07-17 04:54:33 CEST.
Flavor | Version | Tinstall | Tcheck | Ttotal | Status | Flags |
---|---|---|---|---|---|---|
r-devel-linux-x86_64-debian-clang | 0.3.5 | 6.14 | 174.56 | 180.70 | OK | |
r-devel-linux-x86_64-debian-gcc | 0.3.5 | 4.25 | 143.32 | 147.57 | OK | |
r-devel-linux-x86_64-fedora-clang | 0.3.5 | 269.27 | OK | |||
r-devel-linux-x86_64-fedora-gcc | 0.3.5 | 289.18 | OK | |||
r-devel-windows-x86_64 | 0.3.5 | 8.00 | 199.00 | 207.00 | OK | |
r-patched-linux-x86_64 | 0.3.5 | 5.14 | 175.07 | 180.21 | OK | |
r-release-linux-x86_64 | 0.3.5 | 5.78 | 176.17 | 181.95 | OK | |
r-release-macos-arm64 | 0.3.5 | 106.00 | OK | |||
r-release-macos-x86_64 | 0.3.5 | 178.00 | OK | |||
r-release-windows-x86_64 | 0.3.5 | 9.00 | 196.00 | 205.00 | OK | |
r-oldrel-macos-arm64 | 0.3.5 | 99.00 | NOTE | |||
r-oldrel-macos-x86_64 | 0.3.5 | 170.00 | NOTE | |||
r-oldrel-windows-x86_64 | 0.3.5 | 10.00 | 239.00 | 249.00 | NOTE |
Version: 0.3.5
Check: installed package size
Result: NOTE
installed size is 7.1Mb
sub-directories of 1Mb or more:
ShinyGR 3.4Mb
doc 3.4Mb
Flavors: r-oldrel-macos-arm64, r-oldrel-macos-x86_64, r-oldrel-windows-x86_64