Last updated on 2025-05-23 04:51:02 CEST.
Flavor | Version | Tinstall | Tcheck | Ttotal | Status | Flags |
---|---|---|---|---|---|---|
r-devel-linux-x86_64-debian-clang | 0.3.5 | 6.61 | 172.79 | 179.40 | OK | |
r-devel-linux-x86_64-debian-gcc | 0.3.5 | 3.87 | 143.77 | 147.64 | OK | |
r-devel-linux-x86_64-fedora-clang | 0.3.5 | 272.44 | OK | |||
r-devel-linux-x86_64-fedora-gcc | 0.3.5 | 292.38 | OK | |||
r-devel-windows-x86_64 | 0.3.5 | 11.00 | 248.00 | 259.00 | OK | |
r-patched-linux-x86_64 | 0.3.5 | 6.89 | 175.59 | 182.48 | OK | |
r-release-linux-x86_64 | 0.3.5 | 4.92 | 175.40 | 180.32 | OK | |
r-release-macos-arm64 | 0.3.5 | 106.00 | OK | |||
r-release-macos-x86_64 | 0.3.5 | 178.00 | OK | |||
r-release-windows-x86_64 | 0.3.5 | 10.00 | 246.00 | 256.00 | OK | |
r-oldrel-macos-arm64 | 0.3.5 | 99.00 | NOTE | |||
r-oldrel-macos-x86_64 | 0.3.5 | 170.00 | NOTE | |||
r-oldrel-windows-x86_64 | 0.3.5 | 10.00 | 230.00 | 240.00 | NOTE |
Version: 0.3.5
Check: installed package size
Result: NOTE
installed size is 7.1Mb
sub-directories of 1Mb or more:
ShinyGR 3.4Mb
doc 3.4Mb
Flavors: r-oldrel-macos-arm64, r-oldrel-macos-x86_64, r-oldrel-windows-x86_64