Last updated on 2025-07-17 04:54:33 CEST.
Flavor | Version | Tinstall | Tcheck | Ttotal | Status | Flags |
---|---|---|---|---|---|---|
r-devel-linux-x86_64-debian-clang | 0.2.2 | 27.01 | 122.04 | 149.05 | NOTE | |
r-devel-linux-x86_64-debian-gcc | 0.2.2 | 19.07 | 89.61 | 108.68 | NOTE | |
r-devel-linux-x86_64-fedora-clang | 0.2.2 | 262.06 | NOTE | |||
r-devel-linux-x86_64-fedora-gcc | 0.2.2 | 270.33 | NOTE | |||
r-devel-windows-x86_64 | 0.2.2 | 33.00 | 204.00 | 237.00 | OK | |
r-patched-linux-x86_64 | 0.2.2 | 26.81 | 120.33 | 147.14 | OK | |
r-release-linux-x86_64 | 0.2.2 | 26.45 | 119.12 | 145.57 | OK | |
r-release-macos-arm64 | 0.2.2 | 102.00 | OK | |||
r-release-macos-x86_64 | 0.2.2 | 160.00 | OK | |||
r-release-windows-x86_64 | 0.2.2 | 34.00 | 206.00 | 240.00 | OK | |
r-oldrel-macos-arm64 | 0.2.2 | 80.00 | NOTE | |||
r-oldrel-macos-x86_64 | 0.2.2 | 124.00 | NOTE | |||
r-oldrel-windows-x86_64 | 0.2.2 | 42.00 | 254.00 | 296.00 | NOTE |
Version: 0.2.2
Check: CRAN incoming feasibility
Result: NOTE
Maintainer: ‘Edward Lee <email.edwardlee@gmail.com>’
The BugReports field in DESCRIPTION has
http://github.com/edwardslee/alphabetr
which should likely be
http://github.com/edwardslee/alphabetr/issues
instead.
Flavors: r-devel-linux-x86_64-debian-clang, r-devel-linux-x86_64-debian-gcc
Version: 0.2.2
Check: compiled code
Result: NOTE
File ‘alphabetr/libs/alphabetr.so’:
Found no calls to: ‘R_registerRoutines’, ‘R_useDynamicSymbols’
It is good practice to register native routines and to disable symbol
search.
See ‘Writing portable packages’ in the ‘Writing R Extensions’ manual.
Flavors: r-devel-linux-x86_64-fedora-clang, r-devel-linux-x86_64-fedora-gcc
Version: 0.2.2
Check: LazyData
Result: NOTE
'LazyData' is specified without a 'data' directory
Flavors: r-oldrel-macos-arm64, r-oldrel-macos-x86_64, r-oldrel-windows-x86_64