CRAN Package Check Results for Package altadata

Last updated on 2025-07-17 04:54:33 CEST.

Flavor Version Tinstall Tcheck Ttotal Status Flags
r-devel-linux-x86_64-debian-clang 0.1.1 1.48 18.21 19.69 OK
r-devel-linux-x86_64-debian-gcc 0.1.1 1.15 15.16 16.31 OK
r-devel-linux-x86_64-fedora-clang 0.1.1 31.19 OK
r-devel-linux-x86_64-fedora-gcc 0.1.1 29.58 OK
r-devel-windows-x86_64 0.1.1 3.00 41.00 44.00 OK
r-patched-linux-x86_64 0.1.1 1.81 17.00 18.81 OK
r-release-linux-x86_64 0.1.1 1.41 17.10 18.51 OK
r-release-macos-arm64 0.1.1 16.00 OK
r-release-macos-x86_64 0.1.1 24.00 OK
r-release-windows-x86_64 0.1.1 3.00 41.00 44.00 OK
r-oldrel-macos-arm64 0.1.1 14.00 NOTE
r-oldrel-macos-x86_64 0.1.1 18.00 NOTE
r-oldrel-windows-x86_64 0.1.1 4.00 45.00 49.00 NOTE

Check Details

Version: 0.1.1
Check: LazyData
Result: NOTE 'LazyData' is specified without a 'data' directory Flavors: r-oldrel-macos-arm64, r-oldrel-macos-x86_64, r-oldrel-windows-x86_64