CRAN Package Check Results for Package amanida

Last updated on 2025-07-17 04:54:33 CEST.

Flavor Version Tinstall Tcheck Ttotal Status Flags
r-devel-linux-x86_64-debian-clang 0.3.0 9.71 116.29 126.00 OK
r-devel-linux-x86_64-debian-gcc 0.3.0 4.63 88.58 93.21 OK
r-devel-linux-x86_64-fedora-clang 0.3.0 180.87 NOTE
r-devel-linux-x86_64-fedora-gcc 0.3.0 187.30 NOTE
r-devel-windows-x86_64 0.3.0 10.00 89.00 99.00 OK
r-patched-linux-x86_64 0.3.0 8.12 110.94 119.06 OK
r-release-linux-x86_64 0.3.0 7.97 111.49 119.46 OK
r-release-macos-arm64 0.3.0 44.00 OK
r-release-macos-x86_64 0.3.0 86.00 OK
r-release-windows-x86_64 0.3.0 10.00 90.00 100.00 OK
r-oldrel-macos-arm64 0.3.0 44.00 NOTE
r-oldrel-macos-x86_64 0.3.0 119.00 OK
r-oldrel-windows-x86_64 0.3.0 13.00 114.00 127.00 NOTE

Check Details

Version: 0.3.0
Check: dependencies in R code
Result: NOTE Namespaces in Imports field not imported from: ‘magrittr’ ‘tidyverse’ All declared Imports should be used. Flavors: r-devel-linux-x86_64-fedora-clang, r-devel-linux-x86_64-fedora-gcc

Version: 0.3.0
Check: package dependencies
Result: NOTE Package suggested but not available for checking: ‘metaboliteIDmapping’ Flavors: r-oldrel-macos-arm64, r-oldrel-windows-x86_64