Last updated on 2025-07-19 04:49:15 CEST.
Flavor | Version | Tinstall | Tcheck | Ttotal | Status | Flags |
---|---|---|---|---|---|---|
r-devel-linux-x86_64-debian-clang | 0.1.4 | 6.91 | 89.17 | 96.08 | NOTE | |
r-devel-linux-x86_64-debian-gcc | 0.1.4 | 4.71 | 65.97 | 70.68 | NOTE | |
r-devel-linux-x86_64-fedora-clang | 0.1.4 | 147.78 | OK | |||
r-devel-linux-x86_64-fedora-gcc | 0.1.4 | 155.34 | OK | |||
r-devel-windows-x86_64 | 0.1.4 | 10.00 | 137.00 | 147.00 | OK | |
r-patched-linux-x86_64 | 0.1.4 | 7.42 | 82.46 | 89.88 | OK | |
r-release-linux-x86_64 | 0.1.4 | 6.65 | 82.99 | 89.64 | OK | |
r-release-macos-arm64 | 0.1.4 | 51.00 | OK | |||
r-release-macos-x86_64 | 0.1.4 | 89.00 | OK | |||
r-release-windows-x86_64 | 0.1.4 | 8.00 | 135.00 | 143.00 | OK | |
r-oldrel-macos-arm64 | 0.1.4 | 52.00 | OK | |||
r-oldrel-macos-x86_64 | 0.1.4 | 101.00 | OK | |||
r-oldrel-windows-x86_64 | 0.1.4 | 12.00 | 152.00 | 164.00 | OK |
Version: 0.1.4
Check: DESCRIPTION meta-information
Result: NOTE
Author field differs from that derived from Authors@R
Author: ‘B. C. Ajay [aut, cre] (<https://orcid.org/0000-0001-7222-8483>), J. Aravind [aut] (<https://orcid.org/0000-0002-4791-442X>), R. Abdul Fiyaz [aut] (<https://orcid.org/0000-0001-6261-7071>), ICAR [cph] (https://www.icar.org.in)’
Authors@R: ‘B. C. Ajay [aut, cre] (ORCID: <https://orcid.org/0000-0001-7222-8483>), J. Aravind [aut] (ORCID: <https://orcid.org/0000-0002-4791-442X>), R. Abdul Fiyaz [aut] (ORCID: <https://orcid.org/0000-0001-6261-7071>), ICAR [cph] (url: https://www.icar.org.in)’
Flavors: r-devel-linux-x86_64-debian-clang, r-devel-linux-x86_64-debian-gcc