Last updated on 2025-05-23 04:51:02 CEST.
Flavor | Version | Tinstall | Tcheck | Ttotal | Status | Flags |
---|---|---|---|---|---|---|
r-devel-linux-x86_64-debian-clang | 1.1-4 | 9.26 | 71.93 | 81.19 | NOTE | |
r-devel-linux-x86_64-debian-gcc | 1.1-5 | 6.06 | 53.16 | 59.22 | OK | |
r-devel-linux-x86_64-fedora-clang | 1.1-5 | 132.08 | OK | |||
r-devel-linux-x86_64-fedora-gcc | 1.1-5 | 121.78 | OK | |||
r-devel-windows-x86_64 | 1.1-4 | 10.00 | 82.00 | 92.00 | OK | |
r-patched-linux-x86_64 | 1.1-4 | 8.58 | 67.74 | 76.32 | OK | |
r-release-linux-x86_64 | 1.1-4 | 8.58 | 67.43 | 76.01 | OK | |
r-release-macos-arm64 | 1.1-5 | 33.00 | OK | |||
r-release-macos-x86_64 | 1.1-5 | 68.00 | ERROR | |||
r-release-windows-x86_64 | 1.1-5 | 9.00 | 100.00 | 109.00 | OK | |
r-oldrel-macos-arm64 | 1.1-5 | 44.00 | OK | |||
r-oldrel-macos-x86_64 | 1.1-4 | 52.00 | OK | |||
r-oldrel-windows-x86_64 | 1.1-4 | 13.00 | 100.00 | 113.00 | OK |
Version: 1.1-4
Check: CRAN incoming feasibility
Result: NOTE
Maintainer: ‘Patrick Mair <mair@fas.harvard.edu>’
Package CITATION file contains call(s) to old-style personList() or
as.personList(). Please use c() on person objects instead.
Package CITATION file contains call(s) to old-style citEntry(). Please
use bibentry() instead.
Flavor: r-devel-linux-x86_64-debian-clang
Version: 1.1-5
Check: PDF version of manual
Result: ERROR
Rd conversion errors:
Warning in file(outfile, "wt") :
cannot open file '/var/folders/2b/t0kwbtmn3p7brv2mvx39c9cr0000gn/T//RtmpE5AOtD/Rd2pdf9eeb43aebc06/Rd2.tex': No such file or directory
Error in file(outfile, "wt") : cannot open the connection
Flavor: r-release-macos-x86_64