CRAN Package Check Results for Package animbook

Last updated on 2025-07-17 04:54:33 CEST.

Flavor Version Tinstall Tcheck Ttotal Status Flags
r-devel-linux-x86_64-debian-clang 1.0.0 7.96 78.23 86.19 NOTE
r-devel-linux-x86_64-debian-gcc 1.0.0 5.59 56.16 61.75 NOTE
r-devel-linux-x86_64-fedora-clang 1.0.0 135.02 NOTE
r-devel-linux-x86_64-fedora-gcc 1.0.0 137.55 NOTE
r-devel-windows-x86_64 1.0.0 10.00 89.00 99.00 NOTE
r-patched-linux-x86_64 1.0.0 7.12 73.52 80.64 NOTE
r-release-linux-x86_64 1.0.0 6.25 72.26 78.51 NOTE
r-release-macos-arm64 1.0.0 49.00 NOTE
r-release-macos-x86_64 1.0.0 79.00 NOTE
r-release-windows-x86_64 1.0.0 10.00 89.00 99.00 NOTE
r-oldrel-macos-arm64 1.0.0 45.00 OK
r-oldrel-macos-x86_64 1.0.0 69.00 OK
r-oldrel-windows-x86_64 1.0.0 13.00 110.00 123.00 OK

Check Details

Version: 1.0.0
Check: DESCRIPTION meta-information
Result: NOTE Missing dependency on R >= 4.1.0 because package code uses the pipe |> or function shorthand \(...) syntax added in R 4.1.0. File(s) using such syntax: ‘anim-animate.R’ ‘anim-prep-cat.R’ ‘anim-prep.R’ ‘funnel-web-data.R’ ‘kangaroo-data.R’ ‘kangaroo-plot.R’ ‘proportional-shade.R’ ‘wallaby-data.R’ ‘wallaby-plot.R’ Flavors: r-devel-linux-x86_64-debian-clang, r-devel-linux-x86_64-debian-gcc, r-devel-linux-x86_64-fedora-clang, r-devel-linux-x86_64-fedora-gcc, r-devel-windows-x86_64, r-patched-linux-x86_64, r-release-linux-x86_64, r-release-macos-arm64, r-release-macos-x86_64, r-release-windows-x86_64