CRAN Package Check Results for Package anyLib

Last updated on 2025-07-17 04:54:34 CEST.

Flavor Version Tinstall Tcheck Ttotal Status Flags
r-devel-linux-x86_64-debian-clang 1.0.5 1.99 310.16 312.15 OK
r-devel-linux-x86_64-debian-gcc 1.0.5 1.47 224.60 226.07 OK
r-devel-linux-x86_64-fedora-clang 1.0.5 493.35 NOTE
r-devel-linux-x86_64-fedora-gcc 1.0.5 415.97 NOTE
r-devel-windows-x86_64 1.0.5 4.00 75.00 79.00 OK
r-patched-linux-x86_64 1.0.5 1.95 329.45 331.40 OK
r-release-linux-x86_64 1.0.5 1.63 299.96 301.59 OK
r-release-macos-arm64 1.0.5 55.00 OK
r-release-macos-x86_64 1.0.5 79.00 OK
r-release-windows-x86_64 1.0.5 5.00 74.00 79.00 OK
r-oldrel-macos-arm64 1.0.5 87.00 NOTE
r-oldrel-macos-x86_64 1.0.5 117.00 NOTE
r-oldrel-windows-x86_64 1.0.5 5.00 87.00 92.00 NOTE

Check Details

Version: 1.0.5
Check: dependencies in R code
Result: NOTE Namespaces in Imports field not imported from: ‘curl’ ‘httr’ All declared Imports should be used. Flavors: r-devel-linux-x86_64-fedora-clang, r-devel-linux-x86_64-fedora-gcc

Version: 1.0.5
Check: LazyData
Result: NOTE 'LazyData' is specified without a 'data' directory Flavors: r-oldrel-macos-arm64, r-oldrel-macos-x86_64, r-oldrel-windows-x86_64