Last updated on 2025-05-23 04:51:03 CEST.
Flavor | Version | Tinstall | Tcheck | Ttotal | Status | Flags |
---|---|---|---|---|---|---|
r-devel-linux-x86_64-debian-clang | 1.0.6 | 18.21 | 137.93 | 156.14 | NOTE | |
r-devel-linux-x86_64-debian-gcc | 1.0.6 | 11.43 | 95.45 | 106.88 | NOTE | |
r-devel-linux-x86_64-fedora-clang | 1.0.6 | 237.93 | OK | |||
r-devel-linux-x86_64-fedora-gcc | 1.0.6 | 240.16 | OK | |||
r-devel-windows-x86_64 | 1.0.6 | 19.00 | 138.00 | 157.00 | NOTE | |
r-patched-linux-x86_64 | 1.0.6 | 15.18 | 127.80 | 142.98 | NOTE | |
r-release-linux-x86_64 | 1.0.6 | 17.75 | 128.32 | 146.07 | NOTE | |
r-release-macos-arm64 | 1.0.6 | 79.00 | OK | |||
r-release-macos-x86_64 | 1.0.6 | 143.00 | OK | |||
r-release-windows-x86_64 | 1.0.6 | 22.00 | 169.00 | 191.00 | NOTE | |
r-oldrel-macos-arm64 | 1.0.6 | 63.00 | OK | |||
r-oldrel-macos-x86_64 | 1.0.6 | 122.00 | OK | |||
r-oldrel-windows-x86_64 | 1.0.6 | 23.00 | 169.00 | 192.00 | OK |
Version: 1.0.6
Check: Rd cross-references
Result: NOTE
Found the following Rd file(s) with Rd \link{} targets missing package
anchors:
multidna2alignment.Rd: as.alignment
multidna2genind.Rd: genind-class, DNAbin2genind
multidna2multiphyDat.Rd: DNAbin2genind
plot-multidna-method.Rd: image.DNAbin
Please provide package anchors for all Rd \link{} targets not in the
package itself and the base packages.
Flavors: r-devel-linux-x86_64-debian-clang, r-devel-linux-x86_64-debian-gcc, r-devel-windows-x86_64, r-patched-linux-x86_64, r-release-linux-x86_64, r-release-windows-x86_64