CRAN Package Check Results for Package argonR

Last updated on 2025-05-23 04:51:03 CEST.

Flavor Version Tinstall Tcheck Ttotal Status Flags
r-devel-linux-x86_64-debian-clang 0.2.0 3.22 29.58 32.80 OK
r-devel-linux-x86_64-debian-gcc 0.2.0 2.33 23.59 25.92 OK
r-devel-linux-x86_64-fedora-clang 0.2.0 51.62 OK
r-devel-linux-x86_64-fedora-gcc 0.2.0 63.04 OK
r-devel-windows-x86_64 0.2.0 7.00 104.00 111.00 OK
r-patched-linux-x86_64 0.2.0 4.25 27.02 31.27 OK
r-release-linux-x86_64 0.2.0 3.51 27.25 30.76 OK
r-release-macos-arm64 0.2.0 36.00 OK
r-release-macos-x86_64 0.2.0 59.00 OK
r-release-windows-x86_64 0.2.0 5.00 87.00 92.00 OK
r-oldrel-macos-arm64 0.2.0 25.00 NOTE
r-oldrel-macos-x86_64 0.2.0 45.00 NOTE
r-oldrel-windows-x86_64 0.2.0 6.00 62.00 68.00 NOTE

Check Details

Version: 0.2.0
Check: LazyData
Result: NOTE 'LazyData' is specified without a 'data' directory Flavors: r-oldrel-macos-arm64, r-oldrel-macos-x86_64, r-oldrel-windows-x86_64