Last updated on 2025-05-23 04:51:03 CEST.
Flavor | Version | Tinstall | Tcheck | Ttotal | Status | Flags |
---|---|---|---|---|---|---|
r-devel-linux-x86_64-debian-clang | 1.0.0 | 198.48 | 129.34 | 327.82 | OK | |
r-devel-linux-x86_64-debian-gcc | 1.0.0 | 127.79 | 91.33 | 219.12 | OK | |
r-devel-linux-x86_64-fedora-clang | 1.0.0 | 639.27 | OK | |||
r-devel-linux-x86_64-fedora-gcc | 1.0.0 | 646.47 | OK | |||
r-devel-windows-x86_64 | 1.0.0 | 220.00 | 143.00 | 363.00 | OK | |
r-patched-linux-x86_64 | 1.0.0 | 184.22 | 124.33 | 308.55 | OK | |
r-release-linux-x86_64 | 1.0.0 | 172.63 | 122.26 | 294.89 | OK | |
r-release-macos-arm64 | 1.0.0 | 121.00 | OK | |||
r-release-macos-x86_64 | 1.0.0 | 157.00 | OK | |||
r-release-windows-x86_64 | 1.0.0 | 232.00 | 145.00 | 377.00 | OK | |
r-oldrel-macos-arm64 | 1.0.0 | 129.00 | NOTE | |||
r-oldrel-macos-x86_64 | 1.0.0 | 132.00 | NOTE | |||
r-oldrel-windows-x86_64 | 1.0.0 | 254.00 | 175.00 | 429.00 | OK |
Version: 1.0.0
Check: installed package size
Result: NOTE
installed size is 10.8Mb
sub-directories of 1Mb or more:
data 1.1Mb
libs 8.5Mb
Flavors: r-oldrel-macos-arm64, r-oldrel-macos-x86_64