Last updated on 2025-07-17 04:54:34 CEST.
Flavor | Version | Tinstall | Tcheck | Ttotal | Status | Flags |
---|---|---|---|---|---|---|
r-devel-linux-x86_64-debian-clang | 0.1.1 | 237.11 | 29.37 | 266.48 | OK | |
r-devel-linux-x86_64-debian-gcc | 0.1.1 | 191.74 | 23.76 | 215.50 | OK | |
r-devel-linux-x86_64-fedora-clang | 0.1.1 | 419.42 | OK | |||
r-devel-linux-x86_64-fedora-gcc | 0.1.1 | 431.01 | OK | |||
r-devel-windows-x86_64 | 0.1.1 | 233.00 | 65.00 | 298.00 | OK | |
r-patched-linux-x86_64 | 0.1.1 | 238.46 | 26.86 | 265.32 | OK | |
r-release-linux-x86_64 | 0.1.1 | 237.24 | 26.67 | 263.91 | OK | |
r-release-macos-arm64 | 0.1.1 | 113.00 | OK | |||
r-release-macos-x86_64 | 0.1.1 | 204.00 | OK | |||
r-release-windows-x86_64 | 0.1.1 | 213.00 | 69.00 | 282.00 | OK | |
r-oldrel-macos-arm64 | 0.1.1 | 110.00 | NOTE | |||
r-oldrel-macos-x86_64 | 0.1.1 | 181.00 | NOTE | |||
r-oldrel-windows-x86_64 | 0.1.1 | 218.00 | 82.00 | 300.00 | OK |
Version: 0.1.1
Check: installed package size
Result: NOTE
installed size is 5.0Mb
sub-directories of 1Mb or more:
libs 4.8Mb
Flavors: r-oldrel-macos-arm64, r-oldrel-macos-x86_64