CRAN Package Check Results for Package aws.lambda

Last updated on 2025-07-18 04:49:01 CEST.

Flavor Version Tinstall Tcheck Ttotal Status Flags
r-devel-linux-x86_64-debian-clang 0.2.0 2.25 23.68 25.93 OK
r-devel-linux-x86_64-debian-gcc 0.2.0 1.80 19.85 21.65 OK
r-devel-linux-x86_64-fedora-clang 0.2.0 38.24 OK
r-devel-linux-x86_64-fedora-gcc 0.2.0 36.63 OK
r-devel-windows-x86_64 0.2.0 5.00 61.00 66.00 OK
r-patched-linux-x86_64 0.2.0 2.29 21.72 24.01 OK
r-release-linux-x86_64 0.2.0 2.25 21.32 23.57 OK
r-release-macos-arm64 0.2.0 36.00 OK
r-release-macos-x86_64 0.2.0 38.00 OK
r-release-windows-x86_64 0.2.0 6.00 61.00 67.00 OK
r-oldrel-macos-arm64 0.2.0 18.00 NOTE
r-oldrel-macos-x86_64 0.2.0 25.00 NOTE
r-oldrel-windows-x86_64 0.2.0 7.00 64.00 71.00 NOTE

Check Details

Version: 0.2.0
Check: LazyData
Result: NOTE 'LazyData' is specified without a 'data' directory Flavors: r-oldrel-macos-arm64, r-oldrel-macos-x86_64, r-oldrel-windows-x86_64