Last updated on 2025-07-18 04:49:02 CEST.
Flavor | Version | Tinstall | Tcheck | Ttotal | Status | Flags |
---|---|---|---|---|---|---|
r-devel-linux-x86_64-debian-clang | 2.1.3 | 13.47 | 35.36 | 48.83 | NOTE | |
r-devel-linux-x86_64-debian-gcc | 2.1.3 | 9.17 | 27.62 | 36.79 | NOTE | |
r-devel-linux-x86_64-fedora-clang | 2.1.3 | 85.75 | OK | |||
r-devel-linux-x86_64-fedora-gcc | 2.1.3 | 92.12 | OK | |||
r-devel-windows-x86_64 | 2.1.3 | 21.00 | 60.00 | 81.00 | OK | |
r-patched-linux-x86_64 | 2.1.3 | 11.56 | 33.47 | 45.03 | OK | |
r-release-linux-x86_64 | 2.1.3 | 11.03 | 33.51 | 44.54 | OK | |
r-release-macos-arm64 | 2.1.3 | 35.00 | OK | |||
r-release-macos-x86_64 | 2.1.3 | 71.00 | OK | |||
r-release-windows-x86_64 | 2.1.3 | 20.00 | 60.00 | 80.00 | OK | |
r-oldrel-macos-arm64 | 2.1.3 | 39.00 | OK | |||
r-oldrel-macos-x86_64 | 2.1.3 | 51.00 | OK | |||
r-oldrel-windows-x86_64 | 2.1.3 | 19.00 | 70.00 | 89.00 | OK |
Version: 2.1.3
Check: CRAN incoming feasibility
Result: NOTE
Maintainer: ‘Volker Schmid <volker.schmid@lmu.de>’
Package CITATION file contains call(s) to old-style personList() or
as.personList(). Please use c() on person objects instead.
Package CITATION file contains call(s) to old-style citEntry(). Please
use bibentry() instead.
Flavors: r-devel-linux-x86_64-debian-clang, r-devel-linux-x86_64-debian-gcc