Last updated on 2025-07-17 04:54:34 CEST.
Flavor | Version | Tinstall | Tcheck | Ttotal | Status | Flags |
---|---|---|---|---|---|---|
r-devel-linux-x86_64-debian-clang | 1.0.0 | 36.32 | 310.88 | 347.20 | OK | |
r-devel-linux-x86_64-debian-gcc | 1.0.0 | 24.44 | 200.19 | 224.63 | OK | |
r-devel-linux-x86_64-fedora-clang | 1.0.0 | 538.74 | OK | |||
r-devel-linux-x86_64-fedora-gcc | 1.0.0 | 535.23 | OK | |||
r-devel-windows-x86_64 | 1.0.0 | 34.00 | 243.00 | 277.00 | OK | |
r-patched-linux-x86_64 | 1.0.0 | 33.37 | 293.74 | 327.11 | OK | |
r-release-linux-x86_64 | 1.0.0 | 36.64 | 288.82 | 325.46 | OK | |
r-release-macos-arm64 | 1.0.0 | 151.00 | OK | |||
r-release-macos-x86_64 | 1.0.0 | 281.00 | OK | |||
r-release-windows-x86_64 | 1.0.0 | 36.00 | 245.00 | 281.00 | OK | |
r-oldrel-macos-arm64 | 1.0.0 | 132.00 | NOTE | |||
r-oldrel-macos-x86_64 | 1.0.0 | 227.00 | NOTE | |||
r-oldrel-windows-x86_64 | 1.0.0 | 50.00 | 343.00 | 393.00 | NOTE |
Version: 1.0.0
Check: installed package size
Result: NOTE
installed size is 5.7Mb
sub-directories of 1Mb or more:
data 4.9Mb
Flavors: r-oldrel-macos-arm64, r-oldrel-macos-x86_64, r-oldrel-windows-x86_64