CRAN Package Check Results for Package baycn

Last updated on 2025-07-19 04:49:16 CEST.

Flavor Version Tinstall Tcheck Ttotal Status Flags
r-devel-linux-x86_64-debian-clang 1.2.0 8.96 63.44 72.40 NOTE
r-devel-linux-x86_64-debian-gcc 1.2.0 5.67 44.78 50.45 NOTE
r-devel-linux-x86_64-fedora-clang 1.2.0 114.94 OK
r-devel-linux-x86_64-fedora-gcc 1.2.0 106.74 OK
r-devel-windows-x86_64 1.2.0 10.00 75.00 85.00 OK
r-patched-linux-x86_64 1.2.0 8.34 59.76 68.10 OK
r-release-linux-x86_64 1.2.0 8.58 59.56 68.14 OK
r-release-macos-arm64 1.2.0 50.00 OK
r-release-macos-x86_64 1.2.0 56.00 OK
r-release-windows-x86_64 1.2.0 11.00 73.00 84.00 OK
r-oldrel-macos-arm64 1.2.0 32.00 OK
r-oldrel-macos-x86_64 1.2.0 48.00 OK
r-oldrel-windows-x86_64 1.2.0 14.00 90.00 104.00 OK

Check Details

Version: 1.2.0
Check: CRAN incoming feasibility
Result: NOTE Maintainer: ‘Evan A Martin <evanamartin@gmail.com>’ No Authors@R field in DESCRIPTION. Please add one, modifying Authors@R: c(person(given = c("Evan", "A"), family = "Martin", role = c("aut", "cre"), email = "evanamartin@gmail.com"), person(given = c("Audrey", "Qiuyan"), family = "Fu", role = "aut")) as necessary. The Description field contains References: Martin and Fu (2019) <arXiv:1909.10678>. Please refer to arXiv e-prints via their arXiv DOI <doi:10.48550/arXiv.YYMM.NNNNN>. Flavors: r-devel-linux-x86_64-debian-clang, r-devel-linux-x86_64-debian-gcc