Last updated on 2025-07-17 04:54:34 CEST.
Flavor | Version | Tinstall | Tcheck | Ttotal | Status | Flags |
---|---|---|---|---|---|---|
r-devel-linux-x86_64-debian-clang | 1.2.12 | 562.79 | 317.91 | 880.70 | OK | |
r-devel-linux-x86_64-debian-gcc | 1.2.12 | 493.48 | 261.76 | 755.24 | OK | |
r-devel-linux-x86_64-fedora-clang | 1.2.13 | 1374.76 | OK | |||
r-devel-linux-x86_64-fedora-gcc | 1.2.13 | 1443.70 | OK | |||
r-devel-windows-x86_64 | 1.2.12 | 576.00 | 394.00 | 970.00 | OK | |
r-patched-linux-x86_64 | 1.2.12 | 630.68 | 359.35 | 990.03 | OK | |
r-release-linux-x86_64 | 1.2.12 | 619.12 | 356.29 | 975.41 | OK | |
r-release-macos-arm64 | 1.2.12 | 363.00 | OK | |||
r-release-macos-x86_64 | 1.2.13 | 411.00 | OK | |||
r-release-windows-x86_64 | 1.2.12 | 581.00 | 394.00 | 975.00 | OK | |
r-oldrel-macos-arm64 | 1.2.12 | 188.00 | NOTE | |||
r-oldrel-macos-x86_64 | 1.2.13 | 407.00 | NOTE | |||
r-oldrel-windows-x86_64 | 1.2.12 | 665.00 | 519.00 | 1184.00 | NOTE |
Version: 1.2.12
Check: installed package size
Result: NOTE
installed size is 103.4Mb
sub-directories of 1Mb or more:
doc 1.9Mb
libs 99.9Mb
Flavors: r-oldrel-macos-arm64, r-oldrel-windows-x86_64
Version: 1.2.12
Check: for GNU extensions in Makefiles
Result: NOTE
GNU make is a SystemRequirements.
Flavors: r-oldrel-macos-arm64, r-oldrel-windows-x86_64
Version: 1.2.13
Check: installed package size
Result: NOTE
installed size is 105.8Mb
sub-directories of 1Mb or more:
doc 1.9Mb
libs 102.3Mb
Flavor: r-oldrel-macos-x86_64
Version: 1.2.13
Check: for GNU extensions in Makefiles
Result: NOTE
GNU make is a SystemRequirements.
Flavor: r-oldrel-macos-x86_64