Last updated on 2025-05-23 04:51:03 CEST.
Flavor | Version | Tinstall | Tcheck | Ttotal | Status | Flags |
---|---|---|---|---|---|---|
r-devel-linux-x86_64-debian-clang | 0.5.0 | 63.37 | 50.84 | 114.21 | OK | |
r-devel-linux-x86_64-debian-gcc | 0.5.0 | 43.64 | 41.83 | 85.47 | OK | |
r-devel-linux-x86_64-fedora-clang | 0.5.0 | 203.13 | OK | |||
r-devel-linux-x86_64-fedora-gcc | 0.5.0 | 225.33 | OK | |||
r-devel-windows-x86_64 | 0.5.0 | 69.00 | 103.00 | 172.00 | OK | |
r-patched-linux-x86_64 | 0.5.0 | 62.46 | 54.83 | 117.29 | OK | |
r-release-linux-x86_64 | 0.5.0 | 59.93 | 55.21 | 115.14 | OK | |
r-release-macos-arm64 | 0.5.0 | 62.00 | OK | |||
r-release-macos-x86_64 | 0.5.0 | 112.00 | OK | |||
r-release-windows-x86_64 | 0.5.0 | 69.00 | 109.00 | 178.00 | OK | |
r-oldrel-macos-arm64 | 0.5.0 | 64.00 | NOTE | |||
r-oldrel-macos-x86_64 | 0.5.0 | 76.00 | NOTE | |||
r-oldrel-windows-x86_64 | 0.5.0 | 77.00 | 120.00 | 197.00 | OK |
Version: 0.5.0
Check: installed package size
Result: NOTE
installed size is 12.2Mb
sub-directories of 1Mb or more:
libs 11.6Mb
Flavors: r-oldrel-macos-arm64, r-oldrel-macos-x86_64