Last updated on 2025-07-17 04:54:34 CEST.
Flavor | Version | Tinstall | Tcheck | Ttotal | Status | Flags |
---|---|---|---|---|---|---|
r-devel-linux-x86_64-debian-clang | 0.1.5 | 75.48 | 158.28 | 233.76 | OK | |
r-devel-linux-x86_64-debian-gcc | 0.1.5 | 53.59 | 101.81 | 155.40 | OK | |
r-devel-linux-x86_64-fedora-clang | 0.1.5 | 398.94 | OK | |||
r-devel-linux-x86_64-fedora-gcc | 0.1.5 | 383.95 | OK | |||
r-devel-windows-x86_64 | 0.1.5 | 79.00 | 227.00 | 306.00 | OK | |
r-patched-linux-x86_64 | 0.1.5 | 77.19 | 136.52 | 213.71 | OK | |
r-release-linux-x86_64 | 0.1.5 | 76.72 | 135.11 | 211.83 | OK | |
r-release-macos-arm64 | 0.1.5 | 116.00 | OK | |||
r-release-macos-x86_64 | 0.1.5 | 227.00 | OK | |||
r-release-windows-x86_64 | 0.1.5 | 83.00 | 227.00 | 310.00 | OK | |
r-oldrel-macos-arm64 | 0.1.5 | 244.00 | NOTE | |||
r-oldrel-macos-x86_64 | 0.1.5 | 323.00 | NOTE | |||
r-oldrel-windows-x86_64 | 0.1.5 | 93.00 | 274.00 | 367.00 | OK |
Version: 0.1.5
Check: installed package size
Result: NOTE
installed size is 7.2Mb
sub-directories of 1Mb or more:
libs 6.6Mb
Flavors: r-oldrel-macos-arm64, r-oldrel-macos-x86_64