Last updated on 2025-07-19 04:49:16 CEST.
Flavor | Version | Tinstall | Tcheck | Ttotal | Status | Flags |
---|---|---|---|---|---|---|
r-devel-linux-x86_64-debian-clang | 0.5.4 | 8.26 | 58.81 | 67.07 | OK | |
r-devel-linux-x86_64-debian-gcc | 0.5.4 | 5.04 | 40.12 | 45.16 | OK | |
r-devel-linux-x86_64-fedora-clang | 0.5.4 | 100.56 | NOTE | |||
r-devel-linux-x86_64-fedora-gcc | 0.5.4 | 98.87 | NOTE | |||
r-devel-windows-x86_64 | 0.5.4 | 9.00 | 69.00 | 78.00 | OK | |
r-patched-linux-x86_64 | 0.5.4 | 8.11 | 53.53 | 61.64 | OK | |
r-release-linux-x86_64 | 0.5.4 | 8.17 | 52.66 | 60.83 | OK | |
r-release-macos-arm64 | 0.5.4 | 32.00 | OK | |||
r-release-macos-x86_64 | 0.5.4 | 48.00 | OK | |||
r-release-windows-x86_64 | 0.5.4 | 10.00 | 67.00 | 77.00 | OK | |
r-oldrel-macos-arm64 | 0.5.4 | 27.00 | NOTE | |||
r-oldrel-macos-x86_64 | 0.5.4 | 42.00 | NOTE | |||
r-oldrel-windows-x86_64 | 0.5.4 | 12.00 | 82.00 | 94.00 | NOTE |
Version: 0.5.4
Check: dependencies in R code
Result: NOTE
Namespaces in Imports field not imported from:
‘knitr’ ‘rlang’
All declared Imports should be used.
Flavors: r-devel-linux-x86_64-fedora-clang, r-devel-linux-x86_64-fedora-gcc
Version: 0.5.4
Check: package dependencies
Result: NOTE
Package suggested but not available for checking: ‘BRugs’
Flavors: r-oldrel-macos-arm64, r-oldrel-macos-x86_64, r-oldrel-windows-x86_64