Last updated on 2025-07-18 04:49:02 CEST.
Flavor | Version | Tinstall | Tcheck | Ttotal | Status | Flags |
---|---|---|---|---|---|---|
r-devel-linux-x86_64-debian-clang | 0.2.3 | 10.14 | 144.81 | 154.95 | OK | |
r-devel-linux-x86_64-debian-gcc | 0.2.3 | 6.67 | 93.82 | 100.49 | OK | |
r-devel-linux-x86_64-fedora-clang | 0.2.3 | 229.59 | NOTE | |||
r-devel-linux-x86_64-fedora-gcc | 0.2.3 | 235.85 | NOTE | |||
r-devel-windows-x86_64 | 0.2.3 | 11.00 | 141.00 | 152.00 | OK | |
r-patched-linux-x86_64 | 0.2.3 | 9.40 | 130.52 | 139.92 | OK | |
r-release-linux-x86_64 | 0.2.3 | 8.12 | 131.28 | 139.40 | OK | |
r-release-macos-arm64 | 0.2.3 | 62.00 | OK | |||
r-release-macos-x86_64 | 0.2.3 | 186.00 | OK | |||
r-release-windows-x86_64 | 0.2.3 | 11.00 | 140.00 | 151.00 | OK | |
r-oldrel-macos-arm64 | 0.2.3 | 61.00 | OK | |||
r-oldrel-macos-x86_64 | 0.2.3 | 116.00 | OK | |||
r-oldrel-windows-x86_64 | 0.2.3 | 14.00 | 186.00 | 200.00 | OK |
Version: 0.2.3
Check: dependencies in R code
Result: NOTE
Namespace in Imports field not imported from: ‘nycflights13’
All declared Imports should be used.
Flavors: r-devel-linux-x86_64-fedora-clang, r-devel-linux-x86_64-fedora-gcc