Last updated on 2025-05-23 04:51:04 CEST.
Flavor | Version | Tinstall | Tcheck | Ttotal | Status | Flags |
---|---|---|---|---|---|---|
r-devel-linux-x86_64-debian-clang | 4.6.4 | 54.92 | 41.08 | 96.00 | OK | |
r-devel-linux-x86_64-debian-gcc | 4.6.4 | 46.96 | 31.30 | 78.26 | OK | |
r-devel-linux-x86_64-fedora-clang | 4.6.4 | 159.78 | OK | |||
r-devel-linux-x86_64-fedora-gcc | 4.6.4 | 210.44 | OK | |||
r-devel-windows-x86_64 | 4.6.4 | 86.00 | 113.00 | 199.00 | OK | |
r-patched-linux-x86_64 | 4.6.4 | 63.62 | 38.64 | 102.26 | OK | |
r-release-linux-x86_64 | 4.6.4 | 66.09 | 38.62 | 104.71 | OK | |
r-release-macos-arm64 | 4.6.4 | 51.00 | OK | |||
r-release-macos-x86_64 | 4.6.4 | 94.00 | OK | |||
r-release-windows-x86_64 | 4.6.4 | 86.00 | 126.00 | 212.00 | OK | |
r-oldrel-macos-arm64 | 4.6.4 | 47.00 | NOTE | |||
r-oldrel-macos-x86_64 | 4.6.4 | 86.00 | NOTE | |||
r-oldrel-windows-x86_64 | 4.6.4 | 84.00 | 101.00 | 185.00 | OK |
Version: 4.6.4
Check: installed package size
Result: NOTE
installed size is 7.3Mb
sub-directories of 1Mb or more:
libs 6.8Mb
Flavors: r-oldrel-macos-arm64, r-oldrel-macos-x86_64