CRAN Package Check Results for Package biplotbootGUI

Last updated on 2025-07-19 04:49:17 CEST.

Flavor Version Tinstall Tcheck Ttotal Status Flags
r-devel-linux-x86_64-debian-clang 1.3 14.99 76.05 91.04 NOTE
r-devel-linux-x86_64-debian-gcc 1.3 10.47 63.07 73.54 NOTE
r-devel-linux-x86_64-fedora-clang 1.3 142.32 OK
r-devel-linux-x86_64-fedora-gcc 1.3 135.93 OK
r-devel-windows-x86_64 1.3 13.00 76.00 89.00 OK
r-patched-linux-x86_64 1.3 14.99 71.29 86.28 OK
r-release-linux-x86_64 1.3 15.72 70.95 86.67 OK
r-release-macos-arm64 1.3 80.00 OK
r-release-macos-x86_64 1.3 131.00 OK
r-release-windows-x86_64 1.3 14.00 72.00 86.00 OK
r-oldrel-macos-arm64 1.3 59.00 OK
r-oldrel-macos-x86_64 1.3 73.00 OK
r-oldrel-windows-x86_64 1.3 18.00 89.00 107.00 OK

Check Details

Version: 1.3
Check: CRAN incoming feasibility
Result: NOTE Maintainer: ‘Ana Belen Nieto Librero <ananieto@usal.es>’ No Authors@R field in DESCRIPTION. Please add one, modifying Authors@R: c(person(given = c("Ana", "Belen", "Nieto"), family = "Librero", role = c("aut", "cre"), email = "ananieto@usal.es"), person(given = "Adelaide", family = "Freitas", role = "aut", email = "Adelaide@ua.pt")) as necessary. Flavors: r-devel-linux-x86_64-debian-clang, r-devel-linux-x86_64-debian-gcc