Last updated on 2025-10-31 03:49:57 CET.
| Flavor | Version | Tinstall | Tcheck | Ttotal | Status | Flags | 
|---|---|---|---|---|---|---|
| r-devel-linux-x86_64-debian-clang | 1.3.2 | 3.19 | 47.10 | 50.29 | NOTE | |
| r-devel-linux-x86_64-debian-gcc | 1.3.2 | 2.33 | 36.67 | 39.00 | NOTE | |
| r-devel-linux-x86_64-fedora-clang | 1.3.2 | 13.00 | 65.08 | 78.08 | NOTE | |
| r-devel-linux-x86_64-fedora-gcc | 1.3.2 | 86.92 | NOTE | |||
| r-devel-windows-x86_64 | 1.3.2 | 4.00 | 74.00 | 78.00 | NOTE | |
| r-patched-linux-x86_64 | 1.3.2 | 2.91 | 44.63 | 47.54 | NOTE | |
| r-release-linux-x86_64 | 1.3.2 | 3.07 | 45.56 | 48.63 | NOTE | |
| r-release-macos-arm64 | 1.3.2 | 2.00 | 33.00 | 35.00 | NOTE | |
| r-release-macos-x86_64 | 1.3.2 | 3.00 | 62.00 | 65.00 | NOTE | |
| r-release-windows-x86_64 | 1.3.2 | 4.00 | 79.00 | 83.00 | NOTE | |
| r-oldrel-macos-arm64 | 1.3.2 | 1.00 | 33.00 | 34.00 | NOTE | |
| r-oldrel-macos-x86_64 | 1.3.2 | 2.00 | 51.00 | 53.00 | NOTE | |
| r-oldrel-windows-x86_64 | 1.3.2 | 5.00 | 80.00 | 85.00 | NOTE | 
Version: 1.3.2
Check: CRAN incoming feasibility
Result: NOTE
  Maintainer: ‘Mario Annau <mario.annau@gmail.com>’
  
  No Authors@R field in DESCRIPTION.
  Please add one, modifying
    Authors@R: c(person(given = c("See", "AUTHORS"),
                        family = "file.",
                        role = "aut"),
                 person(given = "Mario",
                        family = "Annau",
                        role = "cre",
                        email = "mario.annau@gmail.com"))
  as necessary.
Flavors: r-devel-linux-x86_64-debian-clang, r-devel-linux-x86_64-debian-gcc
Version: 1.3.2
Check: Rd files
Result: NOTE
  checkRd: (-1) Extractor.Rd:13: Lost braces in \itemize; meant \describe ?
  checkRd: (-1) Extractor.Rd:14: Lost braces in \itemize; meant \describe ?
  checkRd: (-1) Extractor.Rd:15: Lost braces in \itemize; meant \describe ?
  checkRd: (-1) Extractor.Rd:16: Lost braces in \itemize; meant \describe ?
  checkRd: (-1) Extractor.Rd:17: Lost braces in \itemize; meant \describe ?
  checkRd: (-1) Extractor.Rd:18: Lost braces in \itemize; meant \describe ?
  checkRd: (-1) Extractor.Rd:19: Lost braces in \itemize; meant \describe ?
Flavors: r-devel-linux-x86_64-debian-clang, r-devel-linux-x86_64-debian-gcc, r-devel-linux-x86_64-fedora-clang, r-devel-linux-x86_64-fedora-gcc, r-devel-windows-x86_64, r-patched-linux-x86_64, r-release-linux-x86_64, r-release-macos-arm64, r-release-macos-x86_64, r-release-windows-x86_64, r-oldrel-macos-arm64, r-oldrel-macos-x86_64, r-oldrel-windows-x86_64