Last updated on 2025-10-30 03:50:44 CET.
| Flavor | Version | Tinstall | Tcheck | Ttotal | Status | Flags | 
|---|---|---|---|---|---|---|
| r-devel-linux-x86_64-debian-clang | 1.1.1 | 2.92 | 24.98 | 27.90 | NOTE | |
| r-devel-linux-x86_64-debian-gcc | 1.1.1 | 2.02 | 19.51 | 21.53 | NOTE | |
| r-devel-linux-x86_64-fedora-clang | 1.1.1 | 41.57 | OK | |||
| r-devel-linux-x86_64-fedora-gcc | 1.1.1 | 41.61 | OK | |||
| r-devel-windows-x86_64 | 1.1.1 | 4.00 | 42.00 | 46.00 | OK | |
| r-patched-linux-x86_64 | 1.1.1 | 2.54 | 24.58 | 27.12 | OK | |
| r-release-linux-x86_64 | 1.1.1 | 3.01 | 24.38 | 27.39 | OK | |
| r-release-macos-arm64 | 1.1.1 | 2.00 | 16.00 | 18.00 | OK | |
| r-release-macos-x86_64 | 1.1.1 | 3.00 | 25.00 | 28.00 | OK | |
| r-release-windows-x86_64 | 1.1.1 | 5.00 | 45.00 | 50.00 | OK | |
| r-oldrel-macos-arm64 | 1.1.1 | 1.00 | 20.00 | 21.00 | OK | |
| r-oldrel-macos-x86_64 | 1.1.1 | 2.00 | 20.00 | 22.00 | OK | |
| r-oldrel-windows-x86_64 | 1.1.1 | 6.00 | 52.00 | 58.00 | OK | 
Version: 1.1.1
Check: CRAN incoming feasibility
Result: NOTE
  Maintainer: ‘Mark Clements <mark.clements@ki.se>’
  
  No Authors@R field in DESCRIPTION.
  Please add one, modifying
    Authors@R: c(person(given = "Linbo",
                        family = "Wang",
                        role = "aut"),
                 person(given = "Mark",
                        family = "Clements",
                        role = c("aut", "cre"),
                        email = "mark.clements@ki.se"),
                 person(given = "Thomas",
                        family = "Richardson",
                        role = "aut"))
  as necessary.
  
  Package CITATION file contains call(s) to old-style personList() or
  as.personList().  Please use c() on person objects instead.
Flavors: r-devel-linux-x86_64-debian-clang, r-devel-linux-x86_64-debian-gcc