Last updated on 2025-05-23 04:51:04 CEST.
Flavor | Version | Tinstall | Tcheck | Ttotal | Status | Flags |
---|---|---|---|---|---|---|
r-devel-linux-x86_64-debian-clang | 0.3.2 | 71.06 | 436.88 | 507.94 | OK | |
r-devel-linux-x86_64-debian-gcc | 0.3.2 | 52.99 | 276.69 | 329.68 | OK | |
r-devel-linux-x86_64-fedora-clang | 0.3.2 | 826.08 | OK | |||
r-devel-linux-x86_64-fedora-gcc | 0.3.2 | 854.92 | OK | |||
r-devel-windows-x86_64 | 0.3.2 | 71.00 | 411.00 | 482.00 | OK | |
r-patched-linux-x86_64 | 0.3.2 | 77.97 | 404.26 | 482.23 | OK | |
r-release-linux-x86_64 | 0.3.2 | 72.27 | 405.26 | 477.53 | OK | |
r-release-macos-arm64 | 0.3.2 | 224.00 | OK | |||
r-release-macos-x86_64 | 0.3.2 | 338.00 | OK | |||
r-release-windows-x86_64 | 0.3.2 | 69.00 | 429.00 | 498.00 | OK | |
r-oldrel-macos-arm64 | 0.3.2 | 196.00 | NOTE | |||
r-oldrel-macos-x86_64 | 0.3.2 | 458.00 | NOTE | |||
r-oldrel-windows-x86_64 | 0.3.2 | 101.00 | 581.00 | 682.00 | NOTE |
Version: 0.3.2
Check: installed package size
Result: NOTE
installed size is 8.4Mb
sub-directories of 1Mb or more:
R 2.1Mb
data 5.3Mb
Flavors: r-oldrel-macos-arm64, r-oldrel-macos-x86_64, r-oldrel-windows-x86_64