CRAN Package Check Results for Package bsub

Last updated on 2025-07-18 04:49:02 CEST.

Flavor Version Tinstall Tcheck Ttotal Status Flags
r-devel-linux-x86_64-debian-clang 1.1.0 4.26 36.11 40.37 NOTE
r-devel-linux-x86_64-debian-gcc 1.1.0 2.75 27.85 30.60 NOTE
r-devel-linux-x86_64-fedora-clang 1.1.0 63.43 OK
r-devel-linux-x86_64-fedora-gcc 1.1.0 74.92 OK
r-devel-windows-x86_64 1.1.0 8.00 59.00 67.00 OK
r-patched-linux-x86_64 1.1.0 4.51 34.11 38.62 OK
r-release-linux-x86_64 1.1.0 4.08 33.59 37.67 OK
r-release-macos-arm64 1.1.0 36.00 OK
r-release-macos-x86_64 1.1.0 92.00 OK
r-release-windows-x86_64 1.1.0 7.00 59.00 66.00 OK
r-oldrel-macos-arm64 1.1.0 28.00 OK
r-oldrel-macos-x86_64 1.1.0 58.00 OK
r-oldrel-windows-x86_64 1.1.0 6.00 69.00 75.00 OK

Check Details

Version: 1.1.0
Check: CRAN incoming feasibility
Result: NOTE Maintainer: ‘Zuguang Gu <z.gu@dkfz.de>’ No Authors@R field in DESCRIPTION. Please add one, modifying Authors@R: person(given = "Zuguang", family = "Gu", role = c("aut", "cre"), email = "z.gu@dkfz.de") as necessary. Flavors: r-devel-linux-x86_64-debian-clang, r-devel-linux-x86_64-debian-gcc