Last updated on 2025-07-17 04:54:35 CEST.
Flavor | Version | Tinstall | Tcheck | Ttotal | Status | Flags |
---|---|---|---|---|---|---|
r-devel-linux-x86_64-debian-clang | 0.1-0 | 9.00 | 62.21 | 71.21 | NOTE | |
r-devel-linux-x86_64-debian-gcc | 0.1-0 | 5.89 | 46.52 | 52.41 | NOTE | |
r-devel-linux-x86_64-fedora-clang | 0.1-0 | 109.93 | NOTE | |||
r-devel-linux-x86_64-fedora-gcc | 0.1-0 | 117.60 | NOTE | |||
r-devel-windows-x86_64 | 0.1-0 | 10.00 | 85.00 | 95.00 | NOTE | |
r-patched-linux-x86_64 | 0.1-0 | 9.38 | 57.35 | 66.73 | NOTE | |
r-release-linux-x86_64 | 0.1-0 | 7.89 | 57.63 | 65.52 | NOTE | |
r-release-macos-arm64 | 0.1-0 | 48.00 | NOTE | |||
r-release-macos-x86_64 | 0.1-0 | 69.00 | NOTE | |||
r-release-windows-x86_64 | 0.1-0 | 10.00 | 85.00 | 95.00 | NOTE | |
r-oldrel-macos-arm64 | 0.1-0 | 39.00 | NOTE | |||
r-oldrel-macos-x86_64 | 0.1-0 | 57.00 | NOTE | |||
r-oldrel-windows-x86_64 | 0.1-0 | 13.00 | 102.00 | 115.00 | NOTE |
Version: 0.1-0
Check: Rd files
Result: NOTE
checkRd: (-1) depreciation-class.Rd:43: Lost braces in \itemize; meant \describe ?
checkRd: (-1) depreciation-class.Rd:44: Lost braces in \itemize; meant \describe ?
checkRd: (-1) depreciation-class.Rd:45: Lost braces in \itemize; meant \describe ?
checkRd: (-1) depreciation-class.Rd:46-47: Lost braces in \itemize; meant \describe ?
checkRd: (-1) loan-class.Rd:46-48: Lost braces in \itemize; meant \describe ?
checkRd: (-1) loan-class.Rd:49: Lost braces in \itemize; meant \describe ?
checkRd: (-1) loan-class.Rd:50-51: Lost braces in \itemize; meant \describe ?
checkRd: (-1) model2df-methods.Rd:32-33: Lost braces in \itemize; meant \describe ?
checkRd: (-1) model2df-methods.Rd:34-35: Lost braces in \itemize; meant \describe ?
checkRd: (-1) model2df-methods.Rd:36-37: Lost braces in \itemize; meant \describe ?
checkRd: (-1) model2df-methods.Rd:38-39: Lost braces in \itemize; meant \describe ?
Flavors: r-devel-linux-x86_64-debian-clang, r-devel-linux-x86_64-debian-gcc, r-devel-linux-x86_64-fedora-clang, r-devel-linux-x86_64-fedora-gcc, r-devel-windows-x86_64, r-patched-linux-x86_64, r-release-linux-x86_64, r-release-macos-arm64, r-release-macos-x86_64, r-release-windows-x86_64, r-oldrel-macos-arm64, r-oldrel-macos-x86_64, r-oldrel-windows-x86_64