Last updated on 2025-07-17 04:54:35 CEST.
Flavor | Version | Tinstall | Tcheck | Ttotal | Status | Flags |
---|---|---|---|---|---|---|
r-devel-linux-x86_64-debian-clang | 0.2.4 | 353.28 | 211.66 | 564.94 | NOTE | |
r-devel-linux-x86_64-debian-gcc | 0.2.4 | 249.07 | 152.64 | 401.71 | NOTE | |
r-devel-linux-x86_64-fedora-clang | 0.2.4 | 897.24 | OK | |||
r-devel-linux-x86_64-fedora-gcc | 0.2.4 | 931.47 | OK | |||
r-devel-windows-x86_64 | 0.2.4 | 345.00 | 238.00 | 583.00 | OK | |
r-patched-linux-x86_64 | 0.2.4 | 353.52 | 203.30 | 556.82 | OK | |
r-release-linux-x86_64 | 0.2.4 | 345.23 | 201.04 | 546.27 | OK | |
r-release-macos-arm64 | 0.2.4 | 261.00 | OK | |||
r-release-macos-x86_64 | 0.2.4 | 346.00 | OK | |||
r-release-windows-x86_64 | 0.2.4 | 356.00 | 238.00 | 594.00 | OK | |
r-oldrel-macos-arm64 | 0.2.4 | 229.00 | NOTE | |||
r-oldrel-macos-x86_64 | 0.2.4 | 267.00 | NOTE | |||
r-oldrel-windows-x86_64 | 0.2.4 | 427.00 | 305.00 | 732.00 | OK |
Version: 0.2.4
Check: DESCRIPTION meta-information
Result: NOTE
Author field differs from that derived from Authors@R
Author: ‘Franz X. Mohr [aut, cre] (0009-0003-8890-7781)’
Authors@R: ‘Franz X. Mohr [aut, cre] (ORCiD: 0009-0003-8890-7781)’
Flavors: r-devel-linux-x86_64-debian-clang, r-devel-linux-x86_64-debian-gcc
Version: 0.2.4
Check: installed package size
Result: NOTE
installed size is 22.4Mb
sub-directories of 1Mb or more:
libs 20.9Mb
Flavors: r-oldrel-macos-arm64, r-oldrel-macos-x86_64