Last updated on 2025-10-28 04:52:12 CET.
| Flavor | Version | Tinstall | Tcheck | Ttotal | Status | Flags | 
|---|---|---|---|---|---|---|
| r-devel-linux-x86_64-debian-clang | 0.1.0 | 227.07 | 127.15 | 354.22 | OK | |
| r-devel-linux-x86_64-debian-gcc | 0.1.0 | 206.08 | 114.41 | 320.49 | OK | |
| r-devel-linux-x86_64-fedora-clang | 0.1.0 | 443.00 | 99.65 | 542.65 | NOTE | |
| r-devel-linux-x86_64-fedora-gcc | 0.1.0 | 600.00 | 91.41 | 691.41 | NOTE | |
| r-devel-windows-x86_64 | 0.1.0 | 259.00 | 164.00 | 423.00 | OK | |
| r-patched-linux-x86_64 | 0.1.0 | 269.27 | 145.51 | 414.78 | OK | |
| r-release-linux-x86_64 | 0.1.0 | 267.64 | 147.38 | 415.02 | OK | |
| r-release-macos-arm64 | 0.1.0 | 116.00 | 52.00 | 168.00 | OK | |
| r-release-macos-x86_64 | 0.1.0 | 196.00 | 162.00 | 358.00 | OK | |
| r-release-windows-x86_64 | 0.1.0 | 255.00 | 163.00 | 418.00 | OK | |
| r-oldrel-macos-arm64 | 0.1.0 | 46.00 | 30.00 | 76.00 | NOTE | |
| r-oldrel-macos-x86_64 | 0.1.0 | 55.00 | 49.00 | 104.00 | NOTE | |
| r-oldrel-windows-x86_64 | 0.1.0 | 286.00 | 210.00 | 496.00 | NOTE | 
Version: 0.1.0
Check: dependencies in R code
Result: NOTE
  Namespaces in Imports field not imported from:
    ‘RcppParallel’ ‘rstantools’
    All declared Imports should be used.
Flavors: r-devel-linux-x86_64-fedora-clang, r-devel-linux-x86_64-fedora-gcc
Version: 0.1.0
Check: installed package size
Result: NOTE
    installed size is 56.6Mb
    sub-directories of 1Mb or more:
      libs  56.2Mb
Flavors: r-oldrel-macos-arm64, r-oldrel-macos-x86_64
Version: 0.1.0
Check: for GNU extensions in Makefiles
Result: NOTE
  GNU make is a SystemRequirements.
Flavors: r-oldrel-macos-arm64, r-oldrel-macos-x86_64, r-oldrel-windows-x86_64