Last updated on 2025-07-20 04:50:57 CEST.
Flavor | Version | Tinstall | Tcheck | Ttotal | Status | Flags |
---|---|---|---|---|---|---|
r-devel-linux-x86_64-debian-clang | 1.2.0 | 3.06 | 165.69 | 168.75 | NOTE | |
r-devel-linux-x86_64-debian-gcc | 1.2.0 | 2.29 | 107.80 | 110.09 | NOTE | |
r-devel-linux-x86_64-fedora-clang | 1.2.0 | 261.94 | NOTE | |||
r-devel-linux-x86_64-fedora-gcc | 1.2.0 | 268.87 | NOTE | |||
r-devel-windows-x86_64 | 1.2.0 | 4.00 | 152.00 | 156.00 | NOTE | |
r-patched-linux-x86_64 | 1.2.0 | 3.44 | 156.48 | 159.92 | NOTE | |
r-release-linux-x86_64 | 1.2.0 | 2.99 | 158.68 | 161.67 | NOTE | |
r-release-macos-arm64 | 1.2.0 | 203.00 | NOTE | |||
r-release-macos-x86_64 | 1.2.0 | 319.00 | NOTE | |||
r-release-windows-x86_64 | 1.2.0 | 4.00 | 147.00 | 151.00 | NOTE | |
r-oldrel-macos-arm64 | 1.2.0 | 80.00 | NOTE | |||
r-oldrel-macos-x86_64 | 1.2.0 | 213.00 | NOTE | |||
r-oldrel-windows-x86_64 | 1.2.0 | 5.00 | 211.00 | 216.00 | NOTE |
Version: 1.2.0
Check: package subdirectories
Result: NOTE
Problems with news in ‘NEWS.md’:
No news entries found.
Flavors: r-devel-linux-x86_64-debian-clang, r-devel-linux-x86_64-debian-gcc, r-devel-linux-x86_64-fedora-clang, r-devel-linux-x86_64-fedora-gcc, r-devel-windows-x86_64, r-patched-linux-x86_64, r-release-linux-x86_64, r-release-macos-arm64, r-release-macos-x86_64, r-release-windows-x86_64, r-oldrel-macos-arm64, r-oldrel-macos-x86_64, r-oldrel-windows-x86_64