Last updated on 2025-05-23 04:51:04 CEST.
Flavor | Version | Tinstall | Tcheck | Ttotal | Status | Flags |
---|---|---|---|---|---|---|
r-devel-linux-x86_64-debian-clang | 1.4 | 4.98 | 282.34 | 287.32 | OK | |
r-devel-linux-x86_64-debian-gcc | 1.4 | 3.62 | 216.91 | 220.53 | OK | |
r-devel-linux-x86_64-fedora-clang | 1.4 | 349.72 | OK | |||
r-devel-linux-x86_64-fedora-gcc | 1.4 | 352.60 | OK | |||
r-devel-windows-x86_64 | 1.4 | 9.00 | 113.00 | 122.00 | OK | |
r-patched-linux-x86_64 | 1.4 | 4.82 | 277.11 | 281.93 | OK | |
r-release-linux-x86_64 | 1.4 | 4.91 | 279.12 | 284.03 | OK | |
r-release-macos-arm64 | 1.4 | 63.00 | OK | |||
r-release-macos-x86_64 | 1.4 | 98.00 | OK | |||
r-release-windows-x86_64 | 1.4 | 9.00 | 164.00 | 173.00 | OK | |
r-oldrel-macos-arm64 | 1.4 | 55.00 | NOTE | |||
r-oldrel-macos-x86_64 | 1.4 | 142.00 | NOTE | |||
r-oldrel-windows-x86_64 | 1.4 | 10.00 | 136.00 | 146.00 | NOTE |
Version: 1.4
Check: installed package size
Result: NOTE
installed size is 5.1Mb
sub-directories of 1Mb or more:
doc 4.8Mb
Flavors: r-oldrel-macos-arm64, r-oldrel-macos-x86_64, r-oldrel-windows-x86_64