CRAN Package Check Results for Package caRecall

Last updated on 2025-07-17 04:54:35 CEST.

Flavor Version Tinstall Tcheck Ttotal Status Flags
r-devel-linux-x86_64-debian-clang 0.1.0 1.74 26.36 28.10 OK
r-devel-linux-x86_64-debian-gcc 0.1.0 1.51 21.19 22.70 OK
r-devel-linux-x86_64-fedora-clang 0.1.0 43.71 OK
r-devel-linux-x86_64-fedora-gcc 0.1.0 55.19 OK
r-devel-windows-x86_64 0.1.0 3.00 45.00 48.00 OK
r-patched-linux-x86_64 0.1.0 2.01 24.03 26.04 OK
r-release-linux-x86_64 0.1.0 1.90 23.78 25.68 OK
r-release-macos-arm64 0.1.0 66.00 OK
r-release-macos-x86_64 0.1.0 77.00 OK
r-release-windows-x86_64 0.1.0 4.00 47.00 51.00 OK
r-oldrel-macos-arm64 0.1.0 54.00 NOTE
r-oldrel-macos-x86_64 0.1.0 64.00 NOTE
r-oldrel-windows-x86_64 0.1.0 4.00 64.00 68.00 NOTE

Check Details

Version: 0.1.0
Check: LazyData
Result: NOTE 'LazyData' is specified without a 'data' directory Flavors: r-oldrel-macos-arm64, r-oldrel-macos-x86_64, r-oldrel-windows-x86_64