Last updated on 2025-07-18 04:49:03 CEST.
Flavor | Version | Tinstall | Tcheck | Ttotal | Status | Flags |
---|---|---|---|---|---|---|
r-devel-linux-x86_64-debian-clang | 0.6.0 | 2.67 | 23.33 | 26.00 | OK | |
r-devel-linux-x86_64-debian-gcc | 0.6.0 | 1.66 | 19.12 | 20.78 | OK | |
r-devel-linux-x86_64-fedora-clang | 0.6.0 | 40.26 | OK | |||
r-devel-linux-x86_64-fedora-gcc | 0.6.0 | 38.40 | OK | |||
r-devel-windows-x86_64 | 0.6.0 | 4.00 | 44.00 | 48.00 | OK | |
r-patched-linux-x86_64 | 0.6.0 | 2.89 | 22.15 | 25.04 | OK | |
r-release-linux-x86_64 | 0.6.0 | 1.99 | 22.38 | 24.37 | OK | |
r-release-macos-arm64 | 0.6.0 | 22.00 | OK | |||
r-release-macos-x86_64 | 0.6.0 | 31.00 | OK | |||
r-release-windows-x86_64 | 0.6.0 | 4.00 | 44.00 | 48.00 | OK | |
r-oldrel-macos-arm64 | 0.6.0 | 20.00 | NOTE | |||
r-oldrel-macos-x86_64 | 0.6.0 | 27.00 | NOTE | |||
r-oldrel-windows-x86_64 | 0.6.0 | 5.00 | 50.00 | 55.00 | NOTE |
Version: 0.6.0
Check: LazyData
Result: NOTE
'LazyData' is specified without a 'data' directory
Flavors: r-oldrel-macos-arm64, r-oldrel-macos-x86_64, r-oldrel-windows-x86_64