CRAN Package Check Results for Package caesar

Last updated on 2025-05-23 04:51:04 CEST.

Flavor Version Tinstall Tcheck Ttotal Status Flags
r-devel-linux-x86_64-debian-clang 1.1.0 1.70 23.98 25.68 OK
r-devel-linux-x86_64-debian-gcc 1.1.0 1.41 20.01 21.42 OK
r-devel-linux-x86_64-fedora-clang 1.1.0 39.57 OK
r-devel-linux-x86_64-fedora-gcc 1.1.0 50.88 OK
r-devel-windows-x86_64 1.1.0 3.00 80.00 83.00 OK
r-patched-linux-x86_64 1.1.0 1.56 22.08 23.64 OK
r-release-linux-x86_64 1.1.0 1.70 22.19 23.89 OK
r-release-macos-arm64 1.1.0 29.00 OK
r-release-macos-x86_64 1.1.0 50.00 OK
r-release-windows-x86_64 1.1.0 3.00 77.00 80.00 OK
r-oldrel-macos-arm64 1.1.0 24.00 NOTE
r-oldrel-macos-x86_64 1.1.0 51.00 NOTE
r-oldrel-windows-x86_64 1.1.0 3.00 49.00 52.00 NOTE

Check Details

Version: 1.1.0
Check: LazyData
Result: NOTE 'LazyData' is specified without a 'data' directory Flavors: r-oldrel-macos-arm64, r-oldrel-macos-x86_64, r-oldrel-windows-x86_64