Last updated on 2025-07-19 04:49:18 CEST.
Flavor | Version | Tinstall | Tcheck | Ttotal | Status | Flags |
---|---|---|---|---|---|---|
r-devel-linux-x86_64-debian-clang | 0.99.4 | 48.28 | 352.47 | 400.75 | NOTE | |
r-devel-linux-x86_64-debian-gcc | 0.99.4 | 28.12 | 229.17 | 257.29 | NOTE | |
r-devel-linux-x86_64-fedora-clang | 0.99.4 | 618.92 | OK | |||
r-devel-linux-x86_64-fedora-gcc | 0.99.4 | 606.48 | OK | |||
r-devel-windows-x86_64 | 0.99.4 | 42.00 | 271.00 | 313.00 | OK | |
r-patched-linux-x86_64 | 0.99.4 | 43.64 | 332.41 | 376.05 | OK | |
r-release-linux-x86_64 | 0.99.4 | 42.57 | 329.53 | 372.10 | OK | |
r-release-macos-arm64 | 0.99.4 | 169.00 | OK | |||
r-release-macos-x86_64 | 0.99.4 | 306.00 | OK | |||
r-release-windows-x86_64 | 0.99.4 | 40.00 | 270.00 | 310.00 | OK | |
r-oldrel-macos-arm64 | 0.99.4 | 130.00 | OK | |||
r-oldrel-macos-x86_64 | 0.99.4 | 205.00 | OK | |||
r-oldrel-windows-x86_64 | 0.99.4 | 58.00 | 411.00 | 469.00 | OK |
Version: 0.99.4
Check: CRAN incoming feasibility
Result: NOTE
Maintainer: ‘Adrien Taudiere <adrien.taudiere@tutanota.com>’
Package CITATION file contains call(s) to old-style citEntry(). Please
use bibentry() instead.
Flavors: r-devel-linux-x86_64-debian-clang, r-devel-linux-x86_64-debian-gcc