CRAN Package Check Results for Package ceg

Last updated on 2025-07-19 04:49:18 CEST.

Flavor Version Tinstall Tcheck Ttotal Status Flags
r-devel-linux-x86_64-debian-clang 0.1.0 8.06 47.60 55.66 NOTE
r-devel-linux-x86_64-debian-gcc 0.1.0 5.09 35.53 40.62 NOTE
r-devel-linux-x86_64-fedora-clang 0.1.0 83.41 NOTE
r-devel-linux-x86_64-fedora-gcc 0.1.0 84.67 NOTE
r-devel-windows-x86_64 0.1.0 8.00 70.00 78.00 OK
r-patched-linux-x86_64 0.1.0 6.91 45.17 52.08 NOTE
r-release-linux-x86_64 0.1.0 6.68 45.39 52.07 NOTE
r-release-macos-arm64 0.1.0 30.00 OK
r-release-macos-x86_64 0.1.0 56.00 OK
r-release-windows-x86_64 0.1.0 9.00 70.00 79.00 OK
r-oldrel-macos-arm64 0.1.0 32.00 OK
r-oldrel-macos-x86_64 0.1.0 47.00 OK
r-oldrel-windows-x86_64 0.1.0 8.00 81.00 89.00 OK

Check Details

Version: 0.1.0
Check: for non-standard things in the check directory
Result: NOTE Found the following files/directories: ‘figure01ceg.pdf’ ‘figure02ceg.pdf’ ‘staged.tree.graph.pdf’ ‘stratified-event-tree-plot.pdf’ Flavors: r-devel-linux-x86_64-debian-clang, r-devel-linux-x86_64-debian-gcc, r-devel-linux-x86_64-fedora-clang, r-devel-linux-x86_64-fedora-gcc, r-patched-linux-x86_64, r-release-linux-x86_64