Last updated on 2025-05-23 04:51:05 CEST.
Flavor | Version | Tinstall | Tcheck | Ttotal | Status | Flags |
---|---|---|---|---|---|---|
r-devel-linux-x86_64-debian-clang | 0.1.0 | 24.03 | 397.47 | 421.50 | OK | |
r-devel-linux-x86_64-debian-gcc | 0.1.0 | 17.70 | 202.11 | 219.81 | OK | |
r-devel-linux-x86_64-fedora-clang | 0.1.0 | 579.57 | OK | |||
r-devel-linux-x86_64-fedora-gcc | 0.1.0 | 669.42 | OK | |||
r-devel-windows-x86_64 | 0.1.0 | 29.00 | 302.00 | 331.00 | OK | |
r-patched-linux-x86_64 | 0.1.0 | 22.07 | 309.57 | 331.64 | OK | |
r-release-linux-x86_64 | 0.1.0 | 24.77 | 302.92 | 327.69 | OK | |
r-release-macos-arm64 | 0.1.0 | 126.00 | OK | |||
r-release-macos-x86_64 | 0.1.0 | 266.00 | OK | |||
r-release-windows-x86_64 | 0.1.1 | 25.00 | 317.00 | 342.00 | OK | |
r-oldrel-macos-arm64 | 0.1.1 | 137.00 | ERROR | |||
r-oldrel-macos-x86_64 | 0.1.0 | 275.00 | OK | |||
r-oldrel-windows-x86_64 | 0.1.0 | 33.00 | 359.00 | 392.00 | OK |
Version: 0.1.1
Check: re-building of vignette outputs
Result: ERROR
Error(s) in re-building vignettes:
Fatal error: cannot create 'R_TempDir'
Flavor: r-oldrel-macos-arm64
Version: 0.1.1
Check: PDF version of manual
Result: WARN
LaTeX errors when creating PDF version.
This typically indicates Rd problems.
Flavor: r-oldrel-macos-arm64
Version: 0.1.1
Check: PDF version of manual without index
Result: ERROR
Re-running with no redirection of stdout/stderr.
Flavor: r-oldrel-macos-arm64