CRAN Package Check Results for Package cherryblossom

Last updated on 2025-05-23 04:51:05 CEST.

Flavor Version Tinstall Tcheck Ttotal Status Flags
r-devel-linux-x86_64-debian-clang 0.1.0 2.02 23.27 25.29 OK
r-devel-linux-x86_64-debian-gcc 0.1.0 1.65 18.18 19.83 OK
r-devel-linux-x86_64-fedora-clang 0.1.0 37.65 OK
r-devel-linux-x86_64-fedora-gcc 0.1.0 35.70 OK
r-devel-windows-x86_64 0.1.0 3.00 0.00 3.00 FAIL
r-patched-linux-x86_64 0.1.0 2.01 21.26 23.27 OK
r-release-linux-x86_64 0.1.0 1.89 21.33 23.22 OK
r-release-macos-arm64 0.1.0 17.00 OK
r-release-macos-x86_64 0.1.0 30.00 OK
r-release-windows-x86_64 0.1.0 3.00 45.00 48.00 OK
r-oldrel-macos-arm64 0.1.0 20.00 OK
r-oldrel-macos-x86_64 0.1.0 24.00 OK
r-oldrel-windows-x86_64 0.1.0 4.00 48.00 52.00 OK

Check Details

Version: 0.1.0
Check: PDF version of manual
Result: FAIL Check process probably crashed or hung up for 20 minutes ... killed Most likely this happened in the example checks (?), if not, ignore the following last lines of example output: + geom_histogram(binwidth = 100) + + facet_wrap(~event, nrow = 2, scales = "free_y") + + labs( + title = "Pacing for 2017 Cherry Blossom Run, by event", + x = "Average time per mile, in seconds", + y = "Frequency" + ) Warning: Removed 3 rows containing non-finite outside the scale range (`stat_bin()`). > > > > > ### * <FOOTER> > ### > cleanEx() detaching 'package:ggplot2' > options(digits = 7L) > base::cat("Time elapsed: ", proc.time() - base::get("ptime", pos = 'CheckExEnv'),"\n") Time elapsed: 2.84 0.11 2.96 NA NA > grDevices::dev.off() null device 1 > ### > ### Local variables: *** > ### mode: outline-minor *** > ### outline-regexp: "\\(> \\)?### [*]+" *** > ### End: *** > quit('no') ======== End of example output (where/before crash/hang up occured ?) ======== Flavor: r-devel-windows-x86_64