Last updated on 2025-07-19 04:49:18 CEST.
Flavor | Version | Tinstall | Tcheck | Ttotal | Status | Flags |
---|---|---|---|---|---|---|
r-devel-linux-x86_64-debian-clang | 0.3 | 4.75 | 59.83 | 64.58 | OK | |
r-devel-linux-x86_64-debian-gcc | 0.3 | 3.22 | 41.29 | 44.51 | OK | |
r-devel-linux-x86_64-fedora-clang | 0.3 | 101.49 | NOTE | |||
r-devel-linux-x86_64-fedora-gcc | 0.3 | 111.90 | NOTE | |||
r-devel-windows-x86_64 | 0.3 | 6.00 | 80.00 | 86.00 | OK | |
r-patched-linux-x86_64 | 0.3 | 5.08 | 55.07 | 60.15 | OK | |
r-release-linux-x86_64 | 0.3 | 4.37 | 54.60 | 58.97 | OK | |
r-release-macos-arm64 | 0.3 | 38.00 | OK | |||
r-release-macos-x86_64 | 0.3 | 75.00 | OK | |||
r-release-windows-x86_64 | 0.3 | 6.00 | 79.00 | 85.00 | OK | |
r-oldrel-macos-arm64 | 0.3 | 42.00 | OK | |||
r-oldrel-macos-x86_64 | 0.3 | 55.00 | OK | |||
r-oldrel-windows-x86_64 | 0.3 | 8.00 | 104.00 | 112.00 | OK |
Version: 0.3
Check: dependencies in R code
Result: NOTE
Namespaces in Imports field not imported from:
‘DT’ ‘dplyr’ ‘prettydoc’ ‘rmdformats’ ‘skimr’
All declared Imports should be used.
Flavors: r-devel-linux-x86_64-fedora-clang, r-devel-linux-x86_64-fedora-gcc