CRAN Package Check Results for Package citationchaser

Last updated on 2025-07-17 04:54:36 CEST.

Flavor Version Tinstall Tcheck Ttotal Status Flags
r-devel-linux-x86_64-debian-clang 0.0.4 11.67 83.41 95.08 NOTE
r-devel-linux-x86_64-debian-gcc 0.0.4 7.69 59.86 67.55 NOTE
r-devel-linux-x86_64-fedora-clang 0.0.4 149.76 NOTE
r-devel-linux-x86_64-fedora-gcc 0.0.4 141.68 NOTE
r-devel-windows-x86_64 0.0.4 12.00 89.00 101.00 OK
r-patched-linux-x86_64 0.0.4 10.44 77.83 88.27 OK
r-release-linux-x86_64 0.0.4 10.22 78.74 88.96 OK
r-release-macos-arm64 0.0.4 42.00 OK
r-release-macos-x86_64 0.0.4 73.00 OK
r-release-windows-x86_64 0.0.4 12.00 86.00 98.00 OK
r-oldrel-macos-arm64 0.0.4 41.00 OK
r-oldrel-macos-x86_64 0.0.4 63.00 OK
r-oldrel-windows-x86_64 0.0.4 17.00 119.00 136.00 OK

Check Details

Version: 0.0.4
Check: CRAN incoming feasibility
Result: NOTE Maintainer: ‘Neal Haddaway <nealhaddaway@gmail.com>’ Package CITATION file contains call(s) to old-style citEntry(). Please use bibentry() instead. Flavors: r-devel-linux-x86_64-debian-clang, r-devel-linux-x86_64-debian-gcc

Version: 0.0.4
Check: dependencies in R code
Result: NOTE Namespace in Imports field not imported from: ‘networkD3’ All declared Imports should be used. Flavors: r-devel-linux-x86_64-fedora-clang, r-devel-linux-x86_64-fedora-gcc