Last updated on 2025-07-17 04:54:36 CEST.
Flavor | Version | Tinstall | Tcheck | Ttotal | Status | Flags |
---|---|---|---|---|---|---|
r-devel-linux-x86_64-debian-clang | 0.2.3 | 117.62 | 457.65 | 575.27 | OK | |
r-devel-linux-x86_64-debian-gcc | 0.2.3 | 108.90 | 308.25 | 417.15 | OK | |
r-devel-linux-x86_64-fedora-clang | 0.2.3 | 902.86 | OK | |||
r-devel-linux-x86_64-fedora-gcc | 0.2.3 | 971.85 | OK | |||
r-devel-windows-x86_64 | 0.2.3 | 134.00 | 430.00 | 564.00 | OK | |
r-patched-linux-x86_64 | 0.2.3 | 141.40 | 452.28 | 593.68 | OK | |
r-release-linux-x86_64 | 0.2.3 | 138.33 | 448.71 | 587.04 | OK | |
r-release-macos-arm64 | 0.2.3 | 209.00 | OK | |||
r-release-macos-x86_64 | 0.2.3 | 491.00 | OK | |||
r-release-windows-x86_64 | 0.2.3 | 132.00 | 450.00 | 582.00 | OK | |
r-oldrel-macos-arm64 | 0.2.3 | 121.00 | NOTE | |||
r-oldrel-macos-x86_64 | 0.2.3 | 242.00 | NOTE | |||
r-oldrel-windows-x86_64 | 0.2.3 | 157.00 | 566.00 | 723.00 | NOTE |
Version: 0.2.3
Check: installed package size
Result: NOTE
installed size is 38.1Mb
sub-directories of 1Mb or more:
libs 36.0Mb
Flavors: r-oldrel-macos-arm64, r-oldrel-macos-x86_64
Version: 0.2.3
Check: for GNU extensions in Makefiles
Result: NOTE
GNU make is a SystemRequirements.
Flavors: r-oldrel-macos-arm64, r-oldrel-macos-x86_64, r-oldrel-windows-x86_64