Last updated on 2025-05-23 04:51:05 CEST.
Flavor | Version | Tinstall | Tcheck | Ttotal | Status | Flags |
---|---|---|---|---|---|---|
r-devel-linux-x86_64-debian-clang | 1.1-4 | 3.65 | 32.19 | 35.84 | OK | |
r-devel-linux-x86_64-debian-gcc | 1.1-4 | 2.84 | 24.88 | 27.72 | OK | |
r-devel-linux-x86_64-fedora-clang | 1.1-4 | 57.04 | OK | |||
r-devel-linux-x86_64-fedora-gcc | 1.1-4 | 55.11 | OK | |||
r-devel-windows-x86_64 | 1.1-4 | 5.00 | 92.00 | 97.00 | OK | |
r-patched-linux-x86_64 | 1.1-4 | 3.96 | 30.47 | 34.43 | OK | |
r-release-linux-x86_64 | 1.1-4 | 3.58 | 30.33 | 33.91 | OK | |
r-release-macos-arm64 | 1.1-4 | 26.00 | OK | |||
r-release-macos-x86_64 | 1.1-4 | 39.00 | OK | |||
r-release-windows-x86_64 | 1.1-4 | 5.00 | 88.00 | 93.00 | OK | |
r-oldrel-macos-arm64 | 1.1-4 | 28.00 | NOTE | |||
r-oldrel-macos-x86_64 | 1.1-4 | 30.00 | NOTE | |||
r-oldrel-windows-x86_64 | 1.1-4 | 7.00 | 59.00 | 66.00 | NOTE |
Version: 1.1-4
Check: package dependencies
Result: NOTE
Package which this enhances but not available for checking: ‘rkward’
Flavors: r-oldrel-macos-arm64, r-oldrel-macos-x86_64, r-oldrel-windows-x86_64