Last updated on 2025-05-23 04:51:05 CEST.
Flavor | Version | Tinstall | Tcheck | Ttotal | Status | Flags |
---|---|---|---|---|---|---|
r-devel-linux-x86_64-debian-clang | 0.1.3 | 1.96 | 26.96 | 28.92 | OK | |
r-devel-linux-x86_64-debian-gcc | 0.1.3 | 1.56 | 21.75 | 23.31 | OK | |
r-devel-linux-x86_64-fedora-clang | 0.1.3 | 45.25 | OK | |||
r-devel-linux-x86_64-fedora-gcc | 0.1.3 | 56.71 | OK | |||
r-devel-windows-x86_64 | 0.1.3 | 3.00 | 101.00 | 104.00 | OK | |
r-patched-linux-x86_64 | 0.1.3 | 1.79 | 24.77 | 26.56 | OK | |
r-release-linux-x86_64 | 0.1.3 | 1.92 | 24.88 | 26.80 | OK | |
r-release-macos-arm64 | 0.1.3 | 25.00 | OK | |||
r-release-macos-x86_64 | 0.1.3 | 44.00 | OK | |||
r-release-windows-x86_64 | 0.1.3 | 3.00 | 79.00 | 82.00 | OK | |
r-oldrel-macos-arm64 | 0.1.3 | 28.00 | NOTE | |||
r-oldrel-macos-x86_64 | 0.1.3 | 40.00 | NOTE | |||
r-oldrel-windows-x86_64 | 0.1.3 | 3.00 | 54.00 | 57.00 | NOTE |
Version: 0.1.3
Check: LazyData
Result: NOTE
'LazyData' is specified without a 'data' directory
Flavors: r-oldrel-macos-arm64, r-oldrel-macos-x86_64, r-oldrel-windows-x86_64