Last updated on 2025-07-19 04:49:19 CEST.
Flavor | Version | Tinstall | Tcheck | Ttotal | Status | Flags |
---|---|---|---|---|---|---|
r-devel-linux-x86_64-debian-clang | 2.0.0 | 5.78 | 319.71 | 325.49 | NOTE | |
r-devel-linux-x86_64-debian-gcc | 2.0.0 | 4.45 | 193.89 | 198.34 | NOTE | |
r-devel-linux-x86_64-fedora-clang | 2.0.0 | 484.17 | NOTE | |||
r-devel-linux-x86_64-fedora-gcc | 2.0.0 | 488.40 | NOTE | |||
r-devel-windows-x86_64 | 2.0.0 | 7.00 | 339.00 | 346.00 | NOTE | |
r-patched-linux-x86_64 | 2.0.0 | 8.12 | 300.93 | 309.05 | NOTE | |
r-release-linux-x86_64 | 2.0.0 | 6.51 | 301.81 | 308.32 | NOTE | |
r-release-macos-arm64 | 2.0.0 | 102.00 | NOTE | |||
r-release-macos-x86_64 | 2.0.0 | 175.00 | NOTE | |||
r-release-windows-x86_64 | 2.0.0 | 8.00 | 336.00 | 344.00 | NOTE | |
r-oldrel-macos-arm64 | 2.0.0 | 97.00 | OK | |||
r-oldrel-macos-x86_64 | 2.0.0 | 178.00 | OK | |||
r-oldrel-windows-x86_64 | 2.0.0 | 11.00 | 434.00 | 445.00 | OK |
Version: 2.0.0
Check: DESCRIPTION meta-information
Result: NOTE
Missing dependency on R >= 4.1.0 because package code uses the pipe
|> or function shorthand \(...) syntax added in R 4.1.0.
File(s) using such syntax:
‘collinear.R’ ‘cor_cramer_v.R’ ‘cor_df.R’ ‘cor_select.R’ ‘f_auc.Rd’
‘f_r2.Rd’ ‘f_r2_counts.Rd’ ‘f_v.Rd’ ‘f_v_rf_categorical.Rd’
‘identify.R’ ‘model_formula.R’ ‘preference_order.R’
‘preference_order_methods.R’ ‘target_encoding_methods.R’ ‘validate.R’
‘vif_df.R’ ‘vif_select.R’
Flavors: r-devel-linux-x86_64-debian-clang, r-devel-linux-x86_64-debian-gcc, r-devel-linux-x86_64-fedora-clang, r-devel-linux-x86_64-fedora-gcc, r-devel-windows-x86_64, r-patched-linux-x86_64, r-release-linux-x86_64, r-release-macos-arm64, r-release-macos-x86_64, r-release-windows-x86_64