CRAN Package Check Results for Package colorBlindness

Last updated on 2025-07-18 04:49:03 CEST.

Flavor Version Tinstall Tcheck Ttotal Status Flags
r-devel-linux-x86_64-debian-clang 0.1.9 6.36 73.89 80.25 OK
r-devel-linux-x86_64-debian-gcc 0.1.9 4.27 55.32 59.59 OK
r-devel-linux-x86_64-fedora-clang 0.1.9 111.08 OK
r-devel-linux-x86_64-fedora-gcc 0.1.9 123.14 OK
r-devel-windows-x86_64 0.1.9 8.00 86.00 94.00 OK
r-patched-linux-x86_64 0.1.9 5.29 68.47 73.76 OK
r-release-linux-x86_64 0.1.9 5.15 68.66 73.81 OK
r-release-macos-arm64 0.1.9 50.00 OK
r-release-macos-x86_64 0.1.9 68.00 OK
r-release-windows-x86_64 0.1.9 10.00 77.00 87.00 OK
r-oldrel-macos-arm64 0.1.9 36.00 NOTE
r-oldrel-macos-x86_64 0.1.9 53.00 NOTE
r-oldrel-windows-x86_64 0.1.9 10.00 95.00 105.00 NOTE

Check Details

Version: 0.1.9
Check: installed package size
Result: NOTE installed size is 5.1Mb sub-directories of 1Mb or more: doc 4.8Mb Flavors: r-oldrel-macos-arm64, r-oldrel-macos-x86_64, r-oldrel-windows-x86_64